168?
False
Is 1996455276 a multiple of 129?
False
Is 3267302495 a multiple of 24?
False
Does 234 divide 499430536?
False
Does 19 divide 74386518?
False
Is 295298716 a multiple of 3211?
False
Is 196 a factor of 3805769436?
True
Is 2178 a factor of 44310461?
False
Does 801 divide 4040320169?
False
Is 121406343 a multiple of 143?
False
Is 31384427 a multiple of 27?
False
Is 16157687 a multiple of 67?
False
Is 2 a factor of 2518605?
False
Is 469811950 a multiple of 25?
True
Is 246 a factor of 43480008?
True
Is 39745613 a multiple of 10?
False
Is 15 a factor of 13261338?
False
Is 36418809 a multiple of 6?
False
Does 27 divide 511463511?
True
Is 7241 a factor of 521828688?
False
Is 271128307 a multiple of 68?
False
Does 337 divide 49075962?
True
Does 23 divide 51858?
False
Does 5 divide 23935003?
False
Is 4 a factor of 95572596?
True
Does 98 divide 82377616?
False
Does 52 divide 48645870?
False
Is 763438 a multiple of 407?
False
Is 86050386 a multiple of 398?
True
Is 4455298080 a multiple of 1080?
True
Does 12 divide 70657715?
False
Is 601 a factor of 29928969?
False
Does 74 divide 172096832?
False
Does 1027 divide 57594160?
True
Is 112 a factor of 86502153?
False
Does 37 divide 565807271?
False
Is 39 a factor of 362110554?
True
Is 169 a factor of 238769483?
False
Is 103749662 a multiple of 621?
False
Does 39 divide 14542?
False
Is 1571328060 a multiple of 13?
False
Is 80 a factor of 196308840?
False
Does 123 divide 11207669?
False
Is 176076 a multiple of 292?
True
Is 574943712 a multiple of 129?
True
Does 19 divide 19069502?
True
Does 51 divide 97370019?
False
Is 38 a factor of 32488054?
False
Does 6 divide 33593030?
False
Is 1649456909 a multiple of 92?
False
Is 29 a factor of 7148362?
False
Is 16 a factor of 55752448?
True
Does 1049 divide 416601069?
False
Is 276669222 a multiple of 1102?
True
Does 207 divide 18025300?
False
Does 3 divide 6284232?
True
Does 1945 divide 395856674?
False
Is 62246170 a multiple of 10?
True
Does 241 divide 914351349?
True
Is 30771940 a multiple of 14?
False
Is 123 a factor of 11896271?
False
Is 670557972 a multiple of 5366?
False
Is 6 a factor of 767363421?
False
Is 41327536 a multiple of 16?
True
Does 2336 divide 386957180?
False
Is 11502 a factor of 360064689?
False
Does 511 divide 194744144?
True
Does 2382 divide 3290949762?
True
Is 337704072 a multiple of 87?
True
Is 318 a factor of 35558191?
False
Does 3053 divide 523641845?
False
Is 262718634 a multiple of 26?
False
Does 47 divide 90396088?
False
Is 71365944 a multiple of 14?
False
Does 40 divide 105801596?
False
Does 12 divide 58201212?
True
Is 123669169 a multiple of 15?
False
Is 1587593528 a multiple of 191?
True
Does 70 divide 798770?
True
Is 17366109 a multiple of 1071?
False
Is 402 a factor of 45185664?
False
Does 1274 divide 759069584?
True
Is 1788 a factor of 4398311995?
False
Is 968855775 a multiple of 74?
False
Is 133647848 a multiple of 184?
True
Is 6492200 a multiple of 5?
True
Does 11 divide 14600912?
False
Is 5 a factor of 127687716?
False
Is 386380220 a multiple of 230?
True
Does 375 divide 58082250?
True
Is 2 a factor of 178258?
True
Does 1630 divide 3444586?
False
Is 931570 a multiple of 67?
False
Does 71 divide 1013344660?
True
Does 781 divide 21599840?
False
Does 360 divide 7239083?
False
Is 7 a factor of 6339111?
False
Is 1203 a factor of 20674758?
True
Does 116 divide 32196380?
True
Is 1914 a factor of 13987510?
False
Is 66470855 a multiple of 203?
False
Is 143 a factor of 144963247?
True
Is 6 a factor of 54981372?
True
Is 2 a factor of 16392971?
False
Does 2 divide 1425954?
True
Is 142 a factor of 76025598?
False
Is 43413876 a multiple of 33?
True
Is 12 a factor of 8201100396?
True
Is 326 a factor of 24925954?
False
Is 30 a factor of 23038275?
False
Is 23 a factor of 66572373?
True
Is 999 a factor of 131089779?
True
Is 182 a factor of 29199825?
False
Is 732835622 a multiple of 98?
False
Is 337 a factor of 58146696?
False
Does 3121 divide 104278921?
False
Is 118 a factor of 14710613?
False
Does 11 divide 68616867?
True
Is 18126864 a multiple of 367?
True
Is 458 a factor of 249212417?
False
Does 807 divide 87876252?
False
Is 38 a factor of 46838762?
True
Does 36 divide 1245159752?
False
Is 655 a factor of 663103660?
True
Does 210 divide 13381866?
False
Does 33 divide 4626823077?
False
Does 304 divide 539372520?
False
Is 3 a factor of 101152689?
True
Is 689930696 a multiple of 42?
False
Does 94 divide 28223085?
False
Does 17 divide 673205171?
False
Does 325 divide 35731800?
True
Is 13 a factor of 77475957?
True
Does 122 divide 16077344?
False
Is 5621980 a multiple of 28?
True
Does 24 divide 238108946?
False
Does 13 divide 38830709?
False
Is 35 a factor of 166512279?
False
Is 6 a factor of 37012752?
True
Is 172292982 a multiple of 6458?
True
Does 165 divide 104589210?
True
Is 29994944 a multiple of 64?
True
Is 414047221 a multiple of 564?
False
Does 10 divide 96273970?
True
Is 4284652 a multiple of 4?
True
Does 515 divide 633784235?
True
Is 76 a factor of 592020240?
True
Is 107 a factor of 152788071?
False
Is 142 a factor of 8066736?
True
Is 260863335 a multiple of 15?
True
Is 39428729 a multiple of 49?
False
Does 13476 divide 1028218800?
True
Does 5092 divide 863720316?
True
Is 230552 a multiple of 23?
True
Is 2936913628 a multiple of 9694?
True
Is 2513735232 a multiple of 8616?
True
Is 290059140 a multiple of 21?
True
Is 43 a factor of 20326938?
False
Is 12360577 a multiple of 4?
False
Does 348 divide 6642972?
True
Is 195 a factor of 2490751185?
True
Is 81626328 a multiple of 12?
True
Does 5885 divide 94740379?
False
Does 4356 divide 157931801?
False
Does 31 divide 2111441?
True
Is 11 a factor of 69968544?
False
Is 528 a factor of 9981312?
True
Does 11 divide 546285454?
True
Is 53 a factor of 1516451969?
False
Is 203475453 a multiple of 2884?
False
Is 16960621 a multiple of 9?
False
Does 3148 divide 200110568?
False
Does 191 divide 26839129?
True
Is 322158631 a multiple of 2231?
True
Is 60 a factor of 345508440?
True
Does 5181 divide 439452420?
True
Is 20687351 a multiple of 17?
True
Does 12304 divide 972218390?
False
Does 358 divide 153939030?
False
Is 11266788 a multiple of 13?
True
Is 2185642864 a multiple of 16?
True
Is 13 a factor of 15300007?
False
Is 81 a factor of 27798552?
True
Is 1222 a factor of 13866034?
True
Is 138 a factor of 17736013?
False
Is 1445 a factor of 815952653?
False
Does 561 divide 69383358?
True
Does 4 divide 1828012?
True
Is 29273784 a multiple of 131?
True
Does 918 divide 614785655?
False
Is 24 a factor of 22866168?
True
Does 593 divide 128291598?
False
Does 10 divide 20812840?
True
Is 18 a factor of 1054796092?
False
Is 2752963392 a multiple of 32?
True
Is 73638293 a multiple of 87?
False
Does 18 divide 10617120?
True
Is 14658166 a multiple of 38?
False
Is 81 a factor of 11762426?
False
Is 210 a factor of 130372410?
True
Does 49 divide 6351380?
True
Is 269107044 a multiple of 1811?
False
Does 3110 divide 231838060?
True
Is 64207270 a multiple of 190?
True
Is 601852509 a multiple of 886?
False
Is 3647 a factor of 181015198?
True
Does 160 divide 969809920?
True
Is 271883760 a multiple of 2264?
True
Does 3197 divide 426985164?
False
Is 781201785 a multiple of 2415?
True
Is 550871940 a multiple of 19?
True
Is 119379244 a multiple of 326?
True
Does 273 divide 60895653?
True
Is 65 a factor of 4253730?
True
Is 4744251 a multiple of 9?
True
Is 12 a factor of 17852084?
False
Does 2043 divide 520837734?
False
Does 29 divide 212854930?
False
Is 22048668 a multiple of 2428?
True
Is 28130481 a multiple of 1196?
False
Does 1997 divide 180326880?
False
Is 167034823 a multiple of 87?
False
Is 23 a factor of 33863273?
False
Is 2934129 a multiple of 177?
True
Is 7 a factor of 432236976?
False
Is 9 a factor of 274632768?
True
Is 2867882922 a multiple of 27?
True
Is 2560 a factor of 65758308?
False
Is 833977146 a multiple of 19?
True
Is 243830456 a multiple of 1052?
True
Is 52902158 a multiple of 25?
False
Does 13 divide 265012914?
False
Is 2069026888 a multiple of 38?
True
Does 96 divide 151316401?
False
Does 4 divide 47920194?
False
Is 313305102 a multiple of 22?
True
Does 10 divide 1176464071?
False
Does 48 divide 33659234?
False
Is 105 a factor of 525325290?
True
Is 64704743 a multiple of 10?
False
Does 338 divide 61484721